+ -9 + (0 - (-2 + 1))?
6
96 + -94 - (1 + 2)
-1
What is -1 + (2 - (-4 + -1))?
6
Evaluate 7 + -17 - (-6 - -4).
-8
Calculate 15 - (-13 + 31 + 3).
-6
Evaluate (-12 - (6 - 25)) + (-14 - 0).
-7
Evaluate 1 + -14 - (-4 - 3).
-6
Evaluate -2 + (3 + -5 - 2).
-6
What is -1 + 1 - ((-8 - 7) + 21)?
-6
Calculate (8 - 0) + (-5 + 5 - 3).
5
-1 + 3 - (97 - 102)
7
Evaluate -1 - 3 - (1 - (1 + 4)).
0
What is (1 - -2) + (8 - 16)?
-5
Evaluate -1 - -5 - 2 - (35 - 32).
-1
Evaluate 6 + (-2 - (-1 + 2)) - -2.
5
Calculate 1 + (-2 - -6) + (62 - 58).
9
Evaluate 4 - (1 - ((-5 - -3) + -5)).
-4
(-25 - -23) + (5 - -2)
5
What is 8 + -3 + 3 - 3?
5
What is -1 + 3 + 3 + -2?
3
Evaluate (-3 - -4) + (-1 - 2).
-2
What is (-4 + 0 - (3 + -1)) + 6?
0
What is the value of (4 - 8) + 3 - -4 - 4?
-1
What is -10 - (-11 - (-5 - -1))?
-3
What is -1 - 0 - (4 + -4 + 2)?
-3
Evaluate 3 - (7 + -8 + (4 - -1)).
-1
What is the value of -2 - -4 - (1 - 2)?
3
Evaluate -1 - 4 - (-3 + -1).
-1
What is 1 + (-14 - (6 + -13)) - 4?
-10
Calculate -9 + (9 - 18 - -13).
-5
What is the value of -3 + (-11 - -14) + 2?
2
-5 - (-3 - (4 - 3))
-1
What is the value of -11 - -5 - (-4 + 1 + -3)?
0
-90 - -93 - ((0 - 0) + -2)
5
Evaluate -2 + 4 - (-3 - -4).
1
Calculate -1 + 0 + 6 - 7.
-2
Calculate -4 + 2 + (-2 - (4 - 13)).
5
Evaluate 4 + (3 - 0) + 9 + -12.
4
What is the value of -1 - 2 - (8 - 11 - -5)?
-5
Calculate 11 - (9 + -9 - -5).
6
Calculate -1 - -6 - (-136 - -147).
-6
What is -13 - (-11 + 16) - -10?
-8
Evaluate -1 - 13 - -6 - -6 - -1.
-1
-2 + (-1 + -2 - -8) + -5
-2
What is the value of (-12 - (4 + -3 + 4)) + 6?
-11
What is -3 + (-1 + -1 + 0 - -3)?
-2
(-6 - 2 - 3) + 9 + -4
-6
What is the value of -4 + 0 + 33 + -21 - 4?
4
Evaluate -7 + (6 - -5) + -4.
0
Evaluate 54 - 69 - (3 + -13).
-5
What is -4 + 3 - 5 - 0?
-6
Calculate (-1 + 11 - 17) + 0 + 3.
-4
What is -5 + (3 - (5 - 7)) + 0?
0
((-5 - -6) + -6 - -5) + 3
3
What is -1 + 1 - (-3 + -3 - -7)?
-1
Calculate -1 + 2 + 3 - (-27 + 32).
-1
Evaluate 2 - (4 + (-7 - -4)).
1
Calculate (-5 + 6 - -7) + -2.
6
Evaluate 2 + 0 + -8 + (-187 - -190).
-3
Evaluate 0 - ((-10 + 4 - 1) + -2).
9
(11 - -1) + (160 - 170)
2
What is the value of 2 - -1 - (16 + -12)?
-1
-12 - (-5 + -4 + 1)
-4
(11 - 3) + (-1 - 1 - 1)
5
What is 1 - (0 + 0 - (1 + 4))?
6
Calculate 2 + -1 + (3 - (1 + 3)).
0
Calculate -3 - (9 + 0 + -7).
-5
Calculate (25 - 22) + 3 + -1.
5
What is the value of 2 + 2 + 2 - (4 + -2)?
4
What is the value of -6 - (-24 - -5 - -5) - 6?
2
4 + 1 + 6 + (-8 - 2)
1
What is the value of (9 - 6) + 2 + -10?
-5
Calculate -1 + 4 + 7 + -5 + -5.
0
What is -4 + -1 + 5 + -5 + 5?
0
What is (0 - -6) + (16 + -10 - 12)?
0
Calculate 1 + 0 + 1 + -3.
-1
What is the value of 16 - 23 - (1 + -9)?
1
What is the value of 9 + -3 + 1 + -22 + 6?
-9
What is the value of (6 - 12) + -1 + 5?
-2
3 + 3 + -6 + (0 - 1)
-1
What is the value of 0 + 8 + (9 - 16)?
1
What is the value of 2 + 0 + (-3 - (0 - 2))?
1
(5 - 1 - 4) + -1 + -2
-3
-1 - 1 - 1 - (0 + -3)
0
Calculate -1 + 5 + (-12 - -2) + 6.
0
What is the value of 4 - ((9 - 7) + -4 + 10)?
-4
3 + 0 + -1 + 45 + -51
-4
What is 2 - (0 + 1) - (16 + -11)?
-4
What is the value of -1 - 3 - (-10 - -8) - 2?
-4
What is the value of -5 - -10 - (0 - (-10 - -3))?
-2
What is the value of 0 + (2 - 4) - 2?
-4
Evaluate 8 + (-14 - -22) - (7 - 0).
9
3 - (18 - 2 - 7)
-6
Calculate -12 + 0 + 5 + 2 + -3.
-8
Calculate (2 - 2) + -5 + 0.
-5
Calculate 3 - 6 - (-1 - -3).
-5
What is the value of -6 + (-5 - -16 - 1)?
4
Evaluate 5 - (-2 + -1 + 1 - -3).
4
What is 1 - (0 - -1 - 3)?
3
Calculate 12 + -11 - (4 + 0).
-3
Evaluate 11 + -14 - (-1 - 0) - 0.
-2
Calculate 4 + -5 + 5 - 3 - 2.
-1
What is the value of 3 - (16 + (-2 - (3 + -2)))?
-10
What is the value of (-1 - -1) + -10 + 3 + 1?
-6
What is the value of -10 + (-12 - -7 - -13)?
-2
What is -1 + 13 + -81 + 68?
-1
Evaluate -2 + (0 - 2) - (3 + -6).
-1
Evaluate -3 + 5 + 2 + 0 - 2.
2
Evaluate 3 - -1 - 5 - (-7 + 2).
4
Calculate 13 - 10 - 1 - 5.
-3
What is -3 + (-6 - -12) + -7?
-4
What is the value of -10 + 4 + 4 + 9?
7
What is the value of 6 - 17 - (-15 + 2)?
2
(4 - 3) + 3 + (1 - 4)
1
What is the value of (2 - (-5 - -3)) + 0 - 4?
0
(5 - (-1 - -9)) + 1 + 0
-2
What is (-4 - -1) + 99 + -99 - 0?
-3
-6 + 1 + (-6 - -4) + 6
-1
Evaluate -2 - (1 + -3 + -1) - 1.
0
-20 - -19 - (-1 + 0)
0
(6 - (2 + -1 + 2)) + -8
-5
What is (-3 - (-4 - -1)) + -1?
-1
Calculate -1 - (79 + -75 + (1 - 1)).
-5
Calculate -1 - -1 - (-7 + 3 - -1).
3
Calculate 4 + 0 + 5 - 4.
5
(2 - (4 - 0)) + (-4 - -5)
-1
Calculate 166 + -167 - ((-1 - -2) + 4).
-6
Evaluate -8 + -8 + 8 - -16.
8
What is -47 - -55 - (-1 + 2 - -17)?
-10
Evaluate 100 - 95 - (5 + -1).
1
Evaluate 1 - (14 + -13 + 3).
-3
What is the value of (-3 - 2) + 2 + 3?
0
Evaluate -5 - -4 - (0 + (-2 - -1)).
0
Evaluate -6 + 3 - ((-2 - 2) + 2).
-1
Evaluate (2 - 0 - 9) + (-1 - -5).
-3
(-9 - -5) + 2 + -1
-3
Calculate -9 - -3 - -8 - 1.
1
What is -2 - -1 - (11 + -4 - 6)?
-2
Evaluate 3 - 0 - -1 - 7.
-3
0 + -4 + (-8 - (-14 + 9))
-7
Evaluate (1 - 7 - (-14 - -10)) + 7.
5
Calculate (14 - 12 - 3) + (3 - 1).
1
What is -7 - (-3 - 13 - -9)?
0
Evaluate -1 - (0 + 4 + -3 + -2).
0
(3 - -2 - -3) + -3
5
What is (-22 - -16) + (0 - -2 - 1)?
-5
What is the value of -3 + (-4 - -2) + 2?
-3
Evaluate (3 - -3) + (1 + 1 - 2).
6
What is the value of 2 - (2 - (3 - 6))?
-3
-1 + 2 + -4 + 0
-3
-9 - (9 + -15) - -9
6
Calculate (1 - 9) + -21 + 36.
7
What is the value of 2 + 0 - -4 - 3?
3
What is the value of (-6 - 0) + 2 - (9 + -11)?
-2
What is the value of 1 - (1 + (9 - 16))?
7
Evaluate 0 + (2 - 4) + -2 + 4.
0
What is (-3 + -1 - -8) + 1?
5
What is -12 + 3 + 8 + -6?
-7
What is -1 - -8 - (-2 + 6)?
3
What is the value of -4 + 6 + (4 - (-3 + 7))?
2
What is (11 - 5) + -4 - (1 + 5)?
-4
Evaluate -2 + (4 - 6) - -10.
6
What is the value of -10 + -8 + 3 + 12?
-3
5 + -1 - (2 + -4 - -2)
4
What is the value of -9 - (9 + -15) - (1 + -3)?
-1
What is 3 + 1 + -5 - (-2 + 1)?
0
Evaluate 2 + -13 + -16 + 23.
-4
What is (-1 - (0 - -4)) + (0 - -3)?
-2
Calculate 3 - -2 - (3 - (3 - 1)).
4
What is -7 - (-2 + -5) - -1?
1
-3 + -2 + 0 - -3 - -1
-1
What is the value of 2 + (0 - -1) + -18 + 22?
7
What is 8 + -2 + (5 - 7)?
4
What is -3 - (2 + -8 + -5)?
8
What is the value of 13 - ((5 - 19) + 35)?
-8
What is the value of -1 - ((-2 - -4 - 0) + 1)?
-4
-11 + 18 + 4 + -2
9
Evaluate 3 - (5 - 5) - -2.
5
-17 + (9 + -2 - (17 - 17))
-10
Evaluate 6 - (-3 + 4 - 0) - 9.
-4
What is 2 - 3 - (-6 + 0)?
5
What is the value of -3 + (6 - -2) + -9 + -1?
-5
What is (-9 - 0) + 32 + -30?
-7
16 + -11 + -8 - -1
-2
What is the value of (13 - (-12 - -12)) + -17?
-4
What is the value of (-3 - -1 - -8) + 0 - 1?
5
What is -7 + (-2 + 4 - 1 - -1)?
-5
-1 + 1 + 7 - 4
3
What is -3 + -5 + -1 + -5 + 11?
-3
What is the value of 8 - (3 + (-4 - 4) - -19)?
-6
Calculate 1 - (1 - 4 - (2 - 6)).
0
What is the value of (7 - (-3 + 5) - 2) + 1?
4
What is (4 - -2) + (1 - 4) + -2?
1
Evaluate 0 + 8 + -6 + -8 + 12.
6
What is (-1 - -12) + (0 - 6)?
5
3 + (1 - -2) + -2
4
Calculate 24 + -15 + -4 + -2.
3
What is 6 + -6 - (2 - 0 - 0)?
-2
What is the value of 1 + 3 + (-11 - -5)?
-2
(3 - 1) + 101 + -104
-1
What is the value of -5 - -1 - (3 + 2 + -7)?
-2
What is the value of 1 - (0 - (6 - (-3 + 5)))?
5
What is the value of -1 + (1 - 4) + -1?
-5
What is 3 + -8 + -7 - -6 - -1?
-5
0 - (-9 + -12 + 22)
-1
Calculate (3 - 0) + (-35 - -33).
1
Calculate 8 - (1 + -6 + 8).
5
Calculate -10 + (-5 + 1 - (4 - 13)).
-5
What is 0 + 1 + (15 - 4) + -3?
9
0 - (2 - (-3 + 7))
2
Calculate 0 + 5 + -1 + -4 + 0.
0
Calculate 0 - (-1 + 0 - 1).
2
What is the value of -6 - -1 - (-5 - (0 - 4))?
-4
(3 - -1) + -37 + 31
-2
Calculate -5 + 5 - -4 - 5.
-1
0 + 1 - ((13 - 16) + 10)
-6
1 - (-6 + 5 + 2)
0
What is 0 - (-6 + 7) - 0?
-1
What is the value of -4 - (-2 - (-2 + 3) - -4)?
-5
Evaluate -6 + (-3 - -1) - (1 - 4).
-5
What is (0 - (-4 - 11)) + -5 + -8?
2
4 - (2 + 1 + -1)
2
What is -2 + (-1 - ((-5 - 2) + 2))?
2
What is (4 - (2 - 6)) + (4 - 6)?
6
What is 3 - (-3 - 0 - -9)?
-3
What is (-5 - -1 - -4) + 4?
4
(3 - (-1 + 6)) + 5
3
What is the value of (-5 - -4) + (5 - 1) + 4?
7
Calculate 6 - (-4 + (1 - (-8 - -2))).
3
What is the value of (7 - 5) + -2 + -1?
-1
What is the value of -117 + 116 + (0 - -6)?
5
What is the value of 3 - -2 - -2 - 3?
4
What is the value of (-1 - -11) + (1 - 0 - 1)?
10
1 - (1 + -2) - (-29 + 34)
-3
Evaluate -6 + 20 + (